 is divided by 71.
70
What is the remainder when 1340 is divided by 657?
26
What is the remainder when 412 is divided by 120?
52
Calculate the remainder when 52 is divided by 19.
14
Calculate the remainder when 396 is divided by 129.
9
What is the remainder when 1041 is divided by 85?
21
Calculate the remainder when 12 is divided by 3.
0
What is the remainder when 393 is divided by 167?
59
Calculate the remainder when 721 is divided by 38.
37
What is the remainder when 31 is divided by 13?
5
What is the remainder when 63 is divided by 11?
8
What is the remainder when 2966 is divided by 165?
161
Calculate the remainder when 111 is divided by 33.
12
Calculate the remainder when 111 is divided by 19.
16
Calculate the remainder when 1775 is divided by 24.
23
Calculate the remainder when 137 is divided by 28.
25
What is the remainder when 194 is divided by 54?
32
What is the remainder when 917 is divided by 161?
112
Calculate the remainder when 4269 is divided by 12.
9
What is the remainder when 185 is divided by 17?
15
Calculate the remainder when 5708 is divided by 168.
164
What is the remainder when 2118 is divided by 31?
10
What is the remainder when 299 is divided by 75?
74
What is the remainder when 621 is divided by 12?
9
What is the remainder when 273 is divided by 12?
9
What is the remainder when 968 is divided by 163?
153
What is the remainder when 83 is divided by 7?
6
Calculate the remainder when 752 is divided by 228.
68
Calculate the remainder when 455 is divided by 24.
23
What is the remainder when 1791 is divided by 6?
3
Calculate the remainder when 49 is divided by 25.
24
What is the remainder when 50 is divided by 4?
2
What is the remainder when 1032 is divided by 69?
66
Calculate the remainder when 125 is divided by 18.
17
What is the remainder when 59 is divided by 24?
11
Calculate the remainder when 577 is divided by 17.
16
What is the remainder when 123 is divided by 42?
39
What is the remainder when 441 is divided by 234?
207
Calculate the remainder when 234 is divided by 224.
10
What is the remainder when 843 is divided by 16?
11
Calculate the remainder when 298 is divided by 99.
1
What is the remainder when 118 is divided by 18?
10
Calculate the remainder when 1914 is divided by 96.
90
What is the remainder when 6876 is divided by 25?
1
Calculate the remainder when 112 is divided by 21.
7
What is the remainder when 1353 is divided by 8?
1
Calculate the remainder when 96 is divided by 28.
12
Calculate the remainder when 1090 is divided by 7.
5
What is the remainder when 3458 is divided by 1146?
20
What is the remainder when 997 is divided by 46?
31
What is the remainder when 2961 is divided by 38?
35
What is the remainder when 2220 is divided by 13?
10
What is the remainder when 807 is divided by 18?
15
Calculate the remainder when 503 is divided by 202.
99
Calculate the remainder when 1893 is divided by 35.
3
Calculate the remainder when 4007 is divided by 12.
11
Calculate the remainder when 241 is divided by 78.
7
Calculate the remainder when 693 is divided by 172.
5
Calculate the remainder when 753 is divided by 26.
25
Calculate the remainder when 1954 is divided by 85.
84
Calculate the remainder when 282 is divided by 11.
7
Calculate the remainder when 264 is divided by 162.
102
What is the remainder when 477 is divided by 8?
5
Calculate the remainder when 676 is divided by 9.
1
Calculate the remainder when 773 is divided by 6.
5
What is the remainder when 764 is divided by 59?
56
What is the remainder when 14922 is divided by 12?
6
What is the remainder when 2402 is divided by 109?
4
Calculate the remainder when 8048 is divided by 152.
144
What is the remainder when 90 is divided by 24?
18
Calculate the remainder when 38362 is divided by 139.
137
Calculate the remainder when 126 is divided by 38.
12
What is the remainder when 3989 is divided by 43?
33
What is the remainder when 171 is divided by 43?
42
Calculate the remainder when 508 is divided by 248.
12
Calculate the remainder when 75 is divided by 12.
3
What is the remainder when 645 is divided by 246?
153
Calculate the remainder when 74 is divided by 1.
0
Calculate the remainder when 12010 is divided by 66.
64
Calculate the remainder when 575 is divided by 40.
15
Calculate the remainder when 512 is divided by 12.
8
What is the remainder when 2069 is divided by 148?
145
Calculate the remainder when 1323 is divided by 46.
35
What is the remainder when 303 is divided by 19?
18
What is the remainder when 1191 is divided by 109?
101
What is the remainder when 256 is divided by 65?
61
What is the remainder when 349 is divided by 35?
34
Calculate the remainder when 2045 is divided by 128.
125
What is the remainder when 6438 is divided by 57?
54
What is the remainder when 597 is divided by 107?
62
Calculate the remainder when 642 is divided by 170.
132
Calculate the remainder when 139 is divided by 30.
19
Calculate the remainder when 1330 is divided by 21.
7
What is the remainder when 133 is divided by 68?
65
Calculate the remainder when 718 is divided by 16.
14
What is the remainder when 2263 is divided by 15?
13
What is the remainder when 529 is divided by 22?
1
What is the remainder when 99 is divided by 5?
4
Calculate the remainder when 27 is divided by 11.
5
What is the remainder when 122 is divided by 56?
10
Calculate the remainder when 309 is divided by 79.
72
Calculate the remainder when 182 is divided by 32.
22
Calculate the remainder when 1937 is divided by 17.
16
Calculate the remainder when 110 is divided by 14.
12
What is the remainder when 236 is divided by 27?
20
Calculate the remainder when 1403 is divided by 27.
26
What is the remainder when 137 is divided by 135?
2
Calculate the remainder when 129 is divided by 52.
25
What is the remainder when 1887 is divided by 27?
24
Calculate the remainder when 274 is divided by 23.
21
Calculate the remainder when 326 is divided by 201.
125
Calculate the remainder when 144 is divided by 29.
28
What is the remainder when 302 is divided by 98?
8
Calculate the remainder when 47 is divided by 13.
8
Calculate the remainder when 106 is divided by 36.
34
What is the remainder when 13 is divided by 7?
6
What is the remainder when 381 is divided by 135?
111
What is the remainder when 4450 is divided by 42?
40
What is the remainder when 10047 is divided by 15?
12
What is the remainder when 362 is divided by 52?
50
What is the remainder when 1948 is divided by 78?
76
What is the remainder when 156 is divided by 29?
11
What is the remainder when 21 is divided by 17?
4
Calculate the remainder when 27377 is divided by 117.
116
Calculate the remainder when 26102 is divided by 115.
112
What is the remainder when 366 is divided by 34?
26
Calculate the remainder when 96 is divided by 10.
6
What is the remainder when 45 is divided by 11?
1
Calculate the remainder when 179 is divided by 43.
7
What is the remainder when 619 is divided by 108?
79
What is the remainder when 854 is divided by 59?
28
Calculate the remainder when 39 is divided by 21.
18
Calculate the remainder when 1479 is divided by 56.
23
Calculate the remainder when 2522 is divided by 170.
142
Calculate the remainder when 316 is divided by 29.
26
Calculate the remainder when 167 is divided by 45.
32
What is the remainder when 1532 is divided by 118?
116
Calculate the remainder when 131 is divided by 19.
17
What is the remainder when 48 is divided by 27?
21
What is the remainder when 93 is divided by 56?
37
Calculate the remainder when 478 is divided by 32.
30
Calculate the remainder when 1134 is divided by 45.
9
Calculate the remainder when 1196 is divided by 19.
18
What is the remainder when 166 is divided by 21?
19
Calculate the remainder when 13231 is divided by 13.
10
What is the remainder when 88 is divided by 80?
8
What is the remainder when 214 is divided by 9?
7
What is the remainder when 45 is divided by 21?
3
Calculate the remainder when 3983 is divided by 23.
4
Calculate the remainder when 2950 is divided by 114.
100
What is the remainder when 363 is divided by 116?
15
What is the remainder when 364 is divided by 73?
72
What is the remainder when 346 is divided by 4?
2
What is the remainder when 1211 is divided by 94?
83
What is the remainder when 50 is divi